 the prime factors of 37233.
3, 7, 197
What are the prime factors of 80693?
19, 31, 137
What are the prime factors of 1525?
5, 61
List the prime factors of 154894.
2, 77447
What are the prime factors of 1228?
2, 307
List the prime factors of 13639.
23, 593
List the prime factors of 1166.
2, 11, 53
What are the prime factors of 6553?
6553
What are the prime factors of 3398?
2, 1699
What are the prime factors of 782?
2, 17, 23
List the prime factors of 3652.
2, 11, 83
What are the prime factors of 91367?
91367
What are the prime factors of 1479?
3, 17, 29
List the prime factors of 160.
2, 5
List the prime factors of 23971.
23971
What are the prime factors of 20303?
79, 257
List the prime factors of 1125.
3, 5
What are the prime factors of 18064?
2, 1129
List the prime factors of 105682.
2, 53, 997
List the prime factors of 99427.
19, 5233
List the prime factors of 550.
2, 5, 11
List the prime factors of 754.
2, 13, 29
What are the prime factors of 51860?
2, 5, 2593
List the prime factors of 331.
331
List the prime factors of 1720.
2, 5, 43
List the prime factors of 1605.
3, 5, 107
List the prime factors of 1981.
7, 283
What are the prime factors of 3346?
2, 7, 239
List the prime factors of 18585.
3, 5, 7, 59
List the prime factors of 5592.
2, 3, 233
What are the prime factors of 168891?
3, 19, 2963
List the prime factors of 223.
223
What are the prime factors of 3667?
19, 193
List the prime factors of 1476.
2, 3, 41
List the prime factors of 1506.
2, 3, 251
List the prime factors of 36016.
2, 2251
List the prime factors of 101364.
2, 3, 8447
What are the prime factors of 9367?
17, 19, 29
What are the prime factors of 1155?
3, 5, 7, 11
What are the prime factors of 3636?
2, 3, 101
List the prime factors of 45805.
5, 9161
List the prime factors of 15227.
15227
List the prime factors of 646.
2, 17, 19
List the prime factors of 1026.
2, 3, 19
List the prime factors of 35855.
5, 71, 101
What are the prime factors of 114?
2, 3, 19
List the prime factors of 857.
857
List the prime factors of 2390.
2, 5, 239
What are the prime factors of 2822?
2, 17, 83
What are the prime factors of 1396?
2, 349
List the prime factors of 19210.
2, 5, 17, 113
List the prime factors of 741.
3, 13, 19
What are the prime factors of 3196?
2, 17, 47
List the prime factors of 5416.
2, 677
List the prime factors of 1301.
1301
List the prime factors of 13326.
2, 3, 2221
What are the prime factors of 960?
2, 3, 5
What are the prime factors of 1912?
2, 239
What are the prime factors of 1075?
5, 43
What are the prime factors of 9184?
2, 7, 41
List the prime factors of 93675.
3, 5, 1249
What are the prime factors of 12190?
2, 5, 23, 53
What are the prime factors of 175?
5, 7
List the prime factors of 5102.
2, 2551
List the prime factors of 1127.
7, 23
List the prime factors of 96065.
5, 19213
List the prime factors of 1243.
11, 113
What are the prime factors of 5283?
3, 587
List the prime factors of 2616.
2, 3, 109
What are the prime factors of 92?
2, 23
What are the prime factors of 7629?
3, 2543
What are the prime factors of 8341?
19, 439
What are the prime factors of 66558?
2, 3, 11093
What are the prime factors of 57900?
2, 3, 5, 193
What are the prime factors of 1743?
3, 7, 83
What are the prime factors of 5064?
2, 3, 211
What are the prime factors of 15869?
7, 2267
List the prime factors of 1915.
5, 383
List the prime factors of 58569.
3, 7, 2789
What are the prime factors of 12764?
2, 3191
What are the prime factors of 943?
23, 41
List the prime factors of 61739.
107, 577
What are the prime factors of 40361?
40361
What are the prime factors of 3253?
3253
What are the prime factors of 8113?
7, 19, 61
List the prime factors of 9056.
2, 283
List the prime factors of 3343.
3343
What are the prime factors of 53827?
19, 2833
List the prime factors of 12325.
5, 17, 29
What are the prime factors of 1807?
13, 139
What are the prime factors of 1551?
3, 11, 47
List the prime factors of 15.
3, 5
What are the prime factors of 5284?
2, 1321
List the prime factors of 2009.
7, 41
List the prime factors of 37955.
5, 7591
What are the prime factors of 4610?
2, 5, 461
What are the prime factors of 457?
457
What are the prime factors of 13626?
2, 3, 757
What are the prime factors of 31538?
2, 13, 1213
What are the prime factors of 73?
73
List the prime factors of 6902.
2, 7, 17, 29
What are the prime factors of 7852?
2, 13, 151
What are the prime factors of 49660?
2, 5, 13, 191
What are the prime factors of 76901?
11, 6991
What are the prime factors of 24?
2, 3
List the prime factors of 99197.
7, 37, 383
List the prime factors of 1860.
2, 3, 5, 31
What are the prime factors of 15473?
15473
What are the prime factors of 3385?
5, 677
List the prime factors of 29765.
5, 5953
What are the prime factors of 5309?
5309
What are the prime factors of 23661?
3, 11, 239
List the prime factors of 89735.
5, 131, 137
List the prime factors of 21067.
21067
List the prime factors of 2237.
2237
What are the prime factors of 4957?
4957
What are the prime factors of 1338?
2, 3, 223
List the prime factors of 84589.
84589
What are the prime factors of 5558?
2, 7, 397
List the prime factors of 59182.
2, 127, 233
What are the prime factors of 1351?
7, 193
List the prime factors of 14386.
2, 7193
List the prime factors of 15859.
15859
List the prime factors of 9456.
2, 3, 197
List the prime factors of 3875.
5, 31
List the prime factors of 103293.
3, 23, 499
List the prime factors of 33952.
2, 1061
What are the prime factors of 35327?
35327
List the prime factors of 55904.
2, 1747
What are the prime factors of 4981?
17, 293
List the prime factors of 32321.
32321
List the prime factors of 483.
3, 7, 23
List the prime factors of 30872.
2, 17, 227
List the prime factors of 712.
2, 89
What are the prime factors of 1035?
3, 5, 23
What are the prime factors of 45883?
17, 2699
What are the prime factors of 25401?
3, 8467
List the prime factors of 15529.
53, 293
List the prime factors of 9342.
2, 3, 173
List the prime factors of 99019.
83, 1193
What are the prime factors of 10478?
2, 13, 31
List the prime factors of 36032.
2, 563
List the prime factors of 8476.
2, 13, 163
What are the prime factors of 25602?
2, 3, 17, 251
What are the prime factors of 134288?
2, 7, 11, 109
List the prime factors of 488.
2, 61
List the prime factors of 869.
11, 79
List the prime factors of 1596.
2, 3, 7, 19
List the prime factors of 2676.
2, 3, 223
What are the prime factors of 3178?
2, 7, 227
List the prime factors of 8534.
2, 17, 251
What are the prime factors of 57476?
2, 14369
What are the prime factors of 4484?
2, 19, 59
What are the prime factors of 26464?
2, 827
List the prime factors of 3290.
2, 5, 7, 47
List the prime factors of 1611.
3, 179
List the prime factors of 39517.
43, 919
What are the prime factors of 5749?
5749
What are the prime factors of 3249?
3, 19
What are the prime factors of 53169?
3, 37, 479
List the prime factors of 20744.
2, 2593
What are the prime factors of 767?
13, 59
What are the prime factors of 112575?
3, 5, 19, 79
List the prime factors of 26902.
2, 13451
What are the prime factors of 6898?
2, 3449
List the prime factors of 4451.
4451
What are the prime factors of 1194?
2, 3, 199
What are the prime factors of 19182?
2, 3, 23, 139
List the prime factors of 4593.
3, 1531
What are the prime factors of 110389?
59, 1871
What are the prime factors of 4675?
5, 11, 17
List the prime factors of 2902.
2, 1451
List the prime factors of 855.
3, 5, 19
What are the prime factors of 41791?
23, 79
List the prime factors of 167833.
157, 1069
List the prime factors of 11306.
2, 5653
List the prime factors of 59415.
3, 5, 17, 233
What are the prime factors of 1449?
3, 7, 23
List the prime factors of 399.
3, 7, 19
What are the prime factors of 6925?
5, 277
List the prime factors of 1166.
2, 11, 53
List the prime factors of 865.
5, 173
List the prime factors of 2755.
5, 19, 29
What are the prime factors of 2328?
2, 3, 97
List the prime factors of 2915.
5, 11, 53
List the prime factors of 67775.
5, 2711
List the prime factors of 589.
19, 31
List the prime factors of 12004.
2, 3001
List the prime factors of 1637.
1637
What are the prime factors of 2523?
3, 29
List the prime factors of 39692.
2, 9923
What are the prime factors 